der when w is divided by 6.
5
Let t = 8 - 5. Calculate the remainder when 4*-1*(4 - (-24)/(-4)) is divided by t.
2
Let i = -36 + 70. Let b = -3 + i. What is the remainder when b is divided by (18 + 4/2)*(-20)/(-50)?
7
Let i(b) = 5*b + 2. Let s(x) = 5*x**2 + x. What is the remainder when s(3) is divided by i(3)?
14
Let i be (-1 + 0)/(1/(-15)). Suppose -y - i = -4*y. What is the remainder when y is divided by (2/6)/(1/6)?
1
Let l(p) be the second derivative of 0 + 1/3*p**3 + 3*p + 1/2*p**2. Calculate the remainder when l(6) is divided by 7.
6
Calculate the remainder when 36 is divided by 10 - ((-12)/(-4) - 6).
10
Let y(k) = k**3 + 10*k**2 + 11*k - 18. What is the remainder when 131 is divided by y(-8)?
21
What is the remainder when (-15)/(((-9)/4)/3) is divided by 11?
9
What is the remainder when 9 is divided by 3/2*88/33?
1
Let i(x) = x + 5. Suppose 0*y = -3*y. Calculate the remainder when i(y) is divided by 4.
1
Let v be (-1)/4 - 350/8. Let x = -26 - v. What is the remainder when x is divided by 10?
8
Let v be (0 - 5)/((-1)/2). Calculate the remainder when 34 is divided by 4/v - 301/(-35).
7
Let v = -149 - -186. Suppose -3*a = a - 52. Calculate the remainder when v is divided by a.
11
What is the remainder when 161 is divided by (-3)/(-12) + 107/4?
26
Let f = 8 + -1. Suppose f + 31 = 2*q. Calculate the remainder when 56 is divided by q.
18
Let n(t) = t**2 - 7*t - 5. Suppose -4*r - 12 - 8 = 0. Let w be n(r). Suppose 3*x - w = 20. What is the remainder when x is divided by 9?
7
Let v(o) = -o**2 - 14*o - 5. Calculate the remainder when 110 is divided by v(-11).
26
Let z = 52 + -28. Calculate the remainder when 67 is divided by z.
19
Let s(z) = -3*z - 4. Let r = -6 + 9. Suppose -v + r*v - 18 = 0. What is the remainder when v is divided by s(-3)?
4
Let l = 33 - 20. What is the remainder when l is divided by 4?
1
Let s(n) = 4*n + 1. Calculate the remainder when 18 is divided by s(1).
3
Let l(c) = c**3 + 5*c**2 + 2*c + 1. Calculate the remainder when 25 is divided by l(-4).
7
Suppose -5*z - 27 = -w - w, 2*w + 5*z + 3 = 0. What is the remainder when w is divided by 3?
0
Let o = -23 - -15. Let r be (-8)/o - (1 - 18). What is the remainder when ((-7)/3)/((-6)/r) is divided by 5?
2
Let z(t) = t - 2. Let v be z(-6). Let d(s) = 2*s**2 + 21*s - 14. What is the remainder when d(-12) is divided by v/3*(-3 - 0)?
6
Suppose -5*h = -83 - 42. Let y(o) be the second derivative of -o**3/3 + 5*o**2/2 - 2*o. What is the remainder when h is divided by y(-4)?
12
Let p(y) = -y**3 + 19*y**2 + 23*y - 14. Calculate the remainder when p(20) is divided by 12.
10
Let v(x) = -5*x - 4. Calculate the remainder when v(-7) is divided by 17.
14
Let y be 4 - (-2)/(0 - 2). Suppose -y*i + 2*k - 39 = -4*i, -3*i = -3*k - 99. Let t = 28 - 16. Calculate the remainder when i is divided by t.
11
Let o(w) = -2*w - 7. Let q be (-2 - (1 + -3))/(-2). Suppose x = -q + 4. What is the remainder when x is divided by o(-5)?
1
Let t = -45 - -86. What is the remainder when 120 is divided by t?
38
Let w(c) = -c**2 + 1. Let q(l) = 2*l**2 + 2*l + 1. Let f(r) = -q(r) - 3*w(r). Suppose 3*s = 4*s - 11. Calculate the remainder when f(-4) is divided by s.
9
Let t = 31 + -5. What is the remainder when t is divided by 14?
12
Let w = -32 + 43. Suppose -5*q = 14 - 34. Suppose 104 = 3*x + 4*p, q*x + 2*p - 46 = 86. What is the remainder when x is divided by w?
10
Let y(n) = -4*n - 28. What is the remainder when 23 is divided by y(-10)?
11
Suppose -3*h = -70 - 194. What is the remainder when h is divided by 13?
10
Let w = 24 - -7. Let o = 12 - w. What is the remainder when (-5)/(15/(-9)) - o is divided by 8?
6
Let n = -31 - 8. Let v = n - -76. What is the remainder when v is divided by 13?
11
What is the remainder when -8 - -69 - -2*1 is divided by 22?
19
Suppose -4*q + 13 = -11. What is the remainder when 15 is divided by q?
3
Suppose 14 = -3*i + 4*v, 3 + 12 = 3*v. Calculate the remainder when 34*((-15)/(-6) - i) is divided by 5.
2
Let f = -239 - -485. Suppose 8*h = 122 + f. What is the remainder when h is divided by 12?
10
Let k(f) = -f + 8. Let r be k(7). Suppose 0*x + 2*x = -20. Let u = r - x. What is the remainder when 21 is divided by u?
10
Suppose 2*v - 2*q = 12, 7*v + q - 42 = 2*v. Suppose -v = 8*h - 9*h. Calculate the remainder when h is divided by 1*3 - 0/(-1).
2
Let g = -2 + 26. Calculate the remainder when g is divided by 13.
11
Suppose h - x = 1, 5*h = -5*x + 21 + 14. Calculate the remainder when h is divided by 4.
0
Let b(g) be the second derivative of g**4/12 + 2*g**3/3 + 5*g**2/2 + 2*g. Let a(j) = j**2. Calculate the remainder when a(-3) is divided by b(-4).
4
Suppose 0 = 24*j - 31*j + 1498. What is the remainder when j is divided by 36?
34
Let k(u) = u - 11. Let a be k(5). Let r = 11 + a. Let i = 37 - r. Calculate the remainder when i is divided by 11.
10
Let z(q) be the second derivative of 1/6*q**3 - 2*q**2 + q + 1/10*q**5 - 1/2*q**4 + 0. What is the remainder when z(4) is divided by 17?
15
Let y be (3 - 0)/((-1)/(-9)). Let w = y - 41. What is the remainder when 32 is divided by 4/w - (-237)/21?
10
Let o(g) = 2*g**2 + g - 2. Let b = 12 + -7. What is the remainder when o(2) is divided by b?
3
Let q be (6/(-9))/(6/(-9)). Let y be q/(2*2/(-236)). Let k = -39 - y. Calculate the remainder when k is divided by 11.
9
Let r(l) = l**3 + 21*l**2 + 38. What is the remainder when 74 is divided by r(-21)?
36
Suppose -8 + 48 = 4*g. What is the remainder when 35 is divided by g?
5
Suppose 0 = -2*t + 2, l - 5*t - 60 = -4*l. What is the remainder when 127 is divided by l?
10
Let g(u) = u**2 + 9*u + 1. Let i be 4/6 + (-52)/6. Let o be g(i). Calculate the remainder when 34 is divided by o/((-21)/(-36))*-1.
10
Let z = -26 - -61. Calculate the remainder when 103 is divided by z.
33
Let s(a) = -a**3 + 2*a + 39. What is the remainder when s(0) is divided by 20?
19
Calculate the remainder when 38 is divided by 12*(100/12)/5.
18
Suppose -q - 4*h - h = 8, -3*q + 3*h = -30. What is the remainder when 68 is divided by q?
5
Suppose -796 = -5*i - 121. Let n(v) = v + 28. What is the remainder when n(-13) is divided by ((-2)/6)/((-5)/i)?
6
Let m be 45 + (1 - (-2 + 1)). Let b = m - 19. Calculate the remainder when b is divided by (-56)/(-6) - 4/(-6).
8
Suppose 0*h + 65 = 3*f - h, -3*f + 70 = -2*h. Calculate the remainder when 138 is divided by f.
18
Let f(d) = d**2 + d + 2. Let j(g) = g. Let p be j(2). Calculate the remainder when f(-5) is divided by p*((-4)/(-1))/1.
6
Suppose 0*a = a - 2. What is the remainder when 9 + 2/(a/3) is divided by 7?
5
What is the remainder when 4 is divided by (7 - 5 - 1)/(1/2)?
0
Let h = 1 + 1. Suppose -h*q + 7*q = 25. What is the remainder when q is divided by 3?
2
Suppose 3*z + 2*z - 1255 = 0. Suppose 4*r - 2*l - 3*l = 360, 3*r - z = -l. What is the remainder when r is divided by 22?
19
Let g = 51 + -31. Suppose -3*p + g = -p. Calculate the remainder when p is divided by 4.
2
Suppose -h - 3*l + 9 + 7 = 0, -5*h + 5*l = -60. What is the remainder when 47 is divided by h?
8
Let d(g) = -g**2 - 13*g - 7. Suppose 4*f - 40 = 2*c, -4*f = 2*c - 0*f. What is the remainder when 67 is divided by d(c)?
21
Suppose -5*f + 99 = -21. What is the remainder when 46 is divided by f?
22
Let r = -19 - -56. Calculate the remainder when r is divided by (2*13*1)/2.
11
Suppose -f - 3*a = -5, 0 = 5*f - 5*a + 5 - 30. Suppose f*m - 32 = -3*b - b, -5*m = b - 38. Calculate the remainder when 29 is divided by m.
5
Suppose -y + 56 = -3*b, 4*b - 2*b = 2. Suppose 48 = 4*l - 72. What is the remainder when y is divided by l?
29
What is the remainder when 42 is divided by -2 + -1 + 15 + 0?
6
Suppose q + 1 + 3 = 0. Let j = -5 - q. What is the remainder when 28 is divided by -1*j/((-2)/(-30))?
13
Suppose -r + 55 = 4*r. What is the remainder when 108 is divided by r?
9
Let n(a) = -3 + 4 - 6 - 2*a + 3. Let w(r) = r**2 - 6*r + 5. Let m be w(4). Calculate the remainder when 6 is divided by n(m).
2
Let g be (2 - 0) + (-6)/3. Suppose -5*i - 5*p = g, -3*i + 5*p = -i - 21. Suppose 0 = i*u - 45 + 15. Calculate the remainder when 28 is divided by u.
8
Suppose 65 = 4*r + r. Let f(j) = -1 + 1 - 19*j. What is the remainder when f(-2) is divided by r?
12
Let p = 45 + -34. What is the remainder when 18 is divided by p?
7
Suppose -2*a + 3 = -5. Let 